7
Let c(n) = n**2 + n + 2. Give c(-3).
8
Let f(p) = -2*p**2 - 8*p - 1. Calculate f(-4).
-1
Let a(g) = -17*g. What is a(1)?
-17
Let a(h) = -h**2 + 6*h - 5. Determine a(6).
-5
Let b(m) = -2*m**2 - 18*m - 14. Determine b(-13).
-118
Let p(f) = -f**3 - 10*f**2 + 11*f + 16. Calculate p(-11).
16
Let r(h) = -h**3 + 4*h**2 + 5*h - 2. What is r(4)?
18
Let x(f) = 14*f - 565. What is x(41)?
9
Let d(x) = x**3 - 5*x**2 + 20. What is d(4)?
4
Let m(d) = d**2 - 5*d - 100. Determine m(-7).
-16
Let a(b) = b**2 - 2*b + 2. Give a(3).
5
Let f(h) = -h**3 + 4*h**2 + h - 7. Calculate f(3).
5
Let p(h) = 2*h**3 + 59*h**2 - 28*h + 38. Determine p(-30).
-22
Let t(g) = -g**2 + 2*g - 11. Calculate t(6).
-35
Let j(p) = -p**2 - 5*p + 7. Determine j(-4).
11
Let z(x) = -5*x - 36. Give z(-4).
-16
Let c(z) = z**2 + 15*z + 19. Calculate c(-15).
19
Let v(g) = -7*g + 7. What is v(7)?
-42
Let n(x) = -2*x**2 - 43*x - 50. Calculate n(-20).
10
Let t(c) = -2*c - 22. Determine t(-10).
-2
Let z(y) = -19*y + 8. Calculate z(-5).
103
Let z(o) = -o**2 - 7*o + 10. Determine z(-9).
-8
Let w(h) = 12*h - 436. Determine w(37).
8
Let i(m) = m**3 + 4*m**2 - 5*m - 1. Calculate i(-4).
19
Let b(q) = -q**3 + 8*q**2 - 7*q + 5. What is b(8)?
-51
Let z(f) = 5*f**2 - 8*f - 4. What is z(5)?
81
Let m(i) = -i**3 - 5*i**2 - 3*i + 2. Determine m(-3).
-7
Let c(f) = f**3 - 4. What is c(0)?
-4
Let h(x) = x**2 - 11*x + 15. What is h(8)?
-9
Let p(z) = -z**3 + 21*z**2 - 17*z - 43. Give p(20).
17
Let c(y) = -y**3 + 8*y**2 + 3*y - 11. Calculate c(9).
-65
Let a(t) = t**2 + 28*t + 87. Give a(-26).
35
Let w(s) = -s - 54. Determine w(0).
-54
Let a(h) = 6*h - 1. Give a(0).
-1
Let u(a) = 7*a**2 + 77*a - 12. Give u(-11).
-12
Let a(x) = -x - 4. Give a(-14).
10
Let h(i) = -i**3 + 4*i + 4. Give h(-2).
4
Let s(f) = 5*f - 11. Calculate s(12).
49
Let r(f) = 2*f**2 - 43*f - 32. Determine r(20).
-92
Let v(t) = -t**2 - 17*t - 58. What is v(-13)?
-6
Let o(c) = -15*c - 41. What is o(2)?
-71
Let z(n) = 3*n - 11. What is z(11)?
22
Let j(f) = -2*f**2 + 22*f - 35. Calculate j(7).
21
Let b(q) = 4*q**2 - 20*q - 5. What is b(5)?
-5
Let l(c) = c**3 - 21*c**2 + 22*c - 41. What is l(20)?
-1
Let i(t) = t**3 - 41*t**2 - 43*t + 45. Give i(42).
3
Let h(k) = k**2 + 2*k + 7. Calculate h(-4).
15
Let n(a) = 5*a - 2. Calculate n(14).
68
Let t(b) = 7*b + 59. Calculate t(-8).
3
Let k(h) = 2*h**3 + 30*h**2 + h + 6. What is k(-15)?
-9
Let v(b) = b - 16. Calculate v(0).
-16
Let k(y) = 2*y**2 - 21*y + 23. Give k(10).
13
Let z(g) = g**3 + 10*g**2 + 9*g + 6. What is z(-9)?
6
Let x(d) = -14*d**2 + 15*d + 14. Give x(-1).
-15
Let j(r) = r**2 + 28*r + 25. Give j(-27).
-2
Let o(q) = 91*q + 1. Give o(-1).
-90
Let u(f) = f**3 + 6*f**2 + 20*f + 66. Calculate u(-5).
-9
Let o(d) = -d**3 + 13*d**2 + 18*d - 20. Calculate o(14).
36
Let c(j) = -j**2 - j + 23. Calculate c(-5).
3
Let z(d) = 2*d**2 + 7*d - 1. What is z(-5)?
14
Let q(w) = 5*w - 7. Determine q(2).
3
Let w(x) = x**2 + 21*x - 81. Determine w(-24).
-9
Let t(r) = -4*r**3 - r**2 - 2*r + 3. What is t(1)?
-4
Let v(u) = -u**2 - 2*u - 3. Give v(-7).
-38
Let v(c) = 2*c**3 + 22*c**2 - 306*c + 10. What is v(8)?
-6
Let p(o) = -o**3 + 6*o**2 + 3*o - 4. Give p(3).
32
Let u(c) = -c**3 - 7*c**2 - 1. Calculate u(-6).
-37
Let o(v) = v**3 + 13*v**2 - 7*v + 27. What is o(-13)?
118
Let f(p) = -2*p**3 - 32*p**2 - 33*p - 22. Calculate f(-15).
23
Let o(f) = 8*f + 2. Determine o(-1).
-6
Let v(c) = c**2 + 7*c + 8. Give v(-5).
-2
Let s(z) = -z**3 - 18*z**2 - 77*z - 18. Calculate s(-7).
-18
Let k(n) = -2*n**2 + 23*n - 12. Calculate k(11).
-1
Let w(s) = s**3 + s**2 + s. What is w(1)?
3
Let y(f) = -3*f + 16. Calculate y(12).
-20
Let q(r) = -5*r - 5. What is q(-2)?
5
Let j(b) = b**3 + 25*b**2 - 26*b - 18. Calculate j(-26).
-18
Let a(l) = 2*l**3 - 2*l**2 - l + 1. Calculate a(3).
34
Let b(w) = -w + 1. What is b(9)?
-8
Let m(f) = -f**3 - 11*f**2 - 26*f + 16. Determine m(-8).
32
Let a(t) = -2*t**3 - 4*t**2 + t + 4. What is a(-2)?
2
Let t(o) = o**3 + 3*o**2 - 8*o - 18. Determine t(-4).
-2
Let b(n) = -3*n**2 + n + 11. What is b(-3)?
-19
Let m(w) = -14*w - 4. What is m(-2)?
24
Let k(d) = -d**2 + 7*d - 1. What is k(8)?
-9
Let k(c) = c**2 + 4*c - 2. What is k(6)?
58
Let r(h) = h**3 - 29*h**2 + 26. Give r(29).
26
Let n(x) = x**3 + 6*x**2 + x + 6. Determine n(-6).
0
Let l(f) = f**3 - 5*f**2 - 4*f - 1. What is l(4)?
-33
Let y(q) = 6*q - 198. What is y(34)?
6
Let j(a) = 5*a - 141. Determine j(23).
-26
Let q(i) = i**2 - 12*i - 15. Give q(10).
-35
Let a(p) = p**3 + 5*p**2 - 4*p + 11. What is a(-6)?
-1
Let h(q) = -q**2 + 6*q - 6. What is h(3)?
3
Let k(d) = 2*d**2 - d + 1. Give k(-5).
56
Let b(k) = -3*k**2 + 49*k - 8. Give b(16).
8
Let y(v) = -v + 6. What is y(-8)?
14
Let y(s) = -6*s**3 + 39*s**2 - 18*s - 6. What is y(6)?
-6
Let z(g) = -8*g - 4. Give z(-6).
44
Let j(g) = -2*g + 18. Give j(14).
-10
Let v(h) = -h**2 + 8*h + 6. Calculate v(9).
-3
Let v(t) = 5*t + 16. Calculate v(-4).
-4
Let a(g) = -2*g**3 + 2*g**2 - 2*g + 13. Determine a(0).
13
Let f(c) = 4*c**2 + 2*c - 1. Give f(-2).
11
Let r(g) = g**3 + 5*g**2 + 4*g + 5. Calculate r(-4).
5
Let o(a) = -13*a + 24. What is o(6)?
-54
Let o(i) = i**3 - 5*i**2 + i + 10. What is o(3)?
-5
Let o(r) = 12*r - 57. Calculate o(7).
27
Let w(i) = -78*i + 529. Determine w(7).
-17
Let j(a) = a**2 - 12*a + 23. Give j(9).
-4
Let a(j) = -42*j**2 + j. Calculate a(-1).
-43
Let u(b) = -b**2 - 7*b + 13. Give u(-8).
5
Let l(y) = 16*y - 8. Calculate l(5).
72
Let j(v) = -v**2 - 4*v - 26. Give j(0).
-26
Let k(b) = -b**3 - 13*b**2 + 14*b + 7. Give k(-14).
7
Let c(k) = 10*k - 227. What is c(26)?
33
Let y(d) = -d + 11. Determine y(5).
6
Let b(r) = 6*r - 6. What is b(18)?
102
Let j(c) = 8*c - 119. Determine j(14).
-7
Let k(x) = -x**2 - 10*x - 32. Give k(-6).
-8
Let o(h) = -6*h - 9. What is o(-2)?
3
Let b(n) = -14*n + 60. Give b(4).
4
Let h(l) = -20*l - 94. Give h(-5).
6
Let r(z) = -z**3 + 16*z**2 + 17*z - 7. Calculate r(17).
-7
Let y(i) = -34*i**3 + 2*i**2 - 6*i + 5. Determine y(1).
-33
Let h(d) = d**2 - 15*d - 2. Give h(13).
-28
Let c(i) = -21*i + 627. What is c(30)?
-3
Let w(k) = -k**3 + 28*k**2 + k - 26. Determine w(28).
2
Let w(g) = -g**2 - 3*g + 4. Determine w(-4).
0
Let f(t) = -t**2 - 13*t + 19. What is f(-16)?
-29
Let c(v) = 2*v - 11. Calculate c(14).
17
Let y(x) = -x**3 - 8*x**2 + 21*x + 25. Calculate y(-10).
15
Let p(y) = -y**3 + 3*y**2 - 2*y + 3. Give p(3).
-3
Let q(l) = 4*l**2 - 11*l + 7. What is q(4)?
27
Let o(d) = d**2 + 11*d - 6. What is o(-8)?
-30
Let d(w) = 5*w + 31. Determine d(-5).
6
Let b(i) = -11*i + 2. Give b(2).
-20
Let j(v) = 5*v + 6. Calculate j(0).
6
Let p(q) = -q**2 + 7*q + 9. Determine p(10).
-21
Let h(j) = -16*j - 15. Calculate h(-5).
65
Let l(n) = -n**3 + 33*n**2 + 33*n + 39. Determine l(34).
5
Let d(n) = 6*n**2 + 5*n. Calculate d(1).
11
Let h(i) = i**2 + 3*i + 2. What is h(-2)?
0
Let i(a) = a**2 - 9*a - 13. What is i(11)?
9
Let v(a) = -2*a**2 + 31*a - 13. Calculate v(15).
2
Let i(l) = -l**2 + 10*l + 4. Determine i(11).
-7
Let a(l) = 7*l + 61. Give a(-7).
12
Let x(a) = a**3 + 6*a**2 + 2*a + 7. What is x(-5)?
22
Let a(u) = -14*u + 225. Calculate a(15).
15
Let m(q) = -2*q**2 + 9*q. Give m(5).
-5
Let s(l) = -l**2 + 15*l + 30. What is s(17)?
-4
Let f(o) = o**2 + 8*o + 16. What is f(-6)?
4
Let u(s) = 2*s**2 - 43*s - 23. Give u(22).
-1
Let u(h) = -11*h + 5. Give u(2).
-17
Let j(k) = 2*k**2 + 34*k + 6. Calculate j(-16).
-26
Let s(k) = -3*k**3 - k**2 - 2*k - 4. Give s(-2).
20
Let j(q) = 13*q - 6. What is j(-3)?
-45
Let z(b) = 7*b**2 - 24*b - 2. Determine z(4).
14
Let q(h) = 2*h + 12. What is q(-10)?
-8
Let f(t) = -2*t**3 - 17*t**2 - 31*t - 2. Determine f(-6).
4
Let d(w) = w**2 - w - 3. Give d(3).
3
Let v(u) = -u**3 + 29*u**2 - 56*u + 38. Give v(27).
-16
Let p(b) = -2*b**3 + 6*b**2 + 6. Determine p(3).
6
Let k(b) = b**2 - 17*b - 137. Calculate k(22).
-27
Let i(r) = -r - 6. Give i(16).
-22
Let n(x) = x + 3. Give n(0).
3
Let q(i) = i**3 + 7*i**2 + 3*i - 6. Determine q(-7).
-27
Let z(l) = 7*l - 29. Calculate z(5).
6
Let t(y) = y**2 + 11*y + 7. Give t(-8).
-17
Let q(n) = -n**3 - 6*n**2 - 2*n - 3. Calculate q(-6).
9
Let i(q) = -q**2 + 10*q - 14. Give i(11).
-25
Let k(z) = -10*z - 326. Determine k(-34).
14
Let v(m) = 5*m**3 - 15*m**2 + 3*m - 5. Give v(3).
4
Let f(c) = -61*c + 127. Determine f(2).
5
Let d(w) = -8*w + 343. Determi